- 100*c + 292. Let r be s(3). Let h be j(r). Calculate w(h).
17
Let n(i) = -6*i - 64. Suppose 0 = 11*x - 8*x - 2*s + 61, -x + 2*s - 27 = 0. Calculate n(x).
38
Let d(q) be the second derivative of 0*q**3 + 1/120*q**6 + 12*q + 1/40*q**5 + 0 + 0*q**2 - 7/12*q**4. Let c(k) be the third derivative of d(k). Calculate c(-2).
-9
Let t(g) = -2*g**3 - 179*g**2 + 93*g + 243. Let m be t(-90). Let d(w) = -w**3 - 29*w**2 - 52*w + 62. Calculate d(m).
8
Let q(h) = -10*h**2 - 5*h + 1. Let n = -520 - -521. Let x(v) = 3*v**2 + v. Let t(u) = n*q(u) + 3*x(u). What is t(-3)?
-2
Let u(v) = v + 3. Let p(i) = -i**2 + 18*i + 2. Let c be p(18). Suppose -q + c + 3 = 0. Let f be (-12)/(-10)*-1*q. What is u(f)?
-3
Let y(c) = -9*c + 7. Let t = -4433 - -4432. Determine y(t).
16
Let q(n) = n**2 - n - 2. Let y be (0 - 711/(-36))/((-11)/44). Let t = 120 - 45. Let r = t + y. Determine q(r).
18
Let d(z) be the first derivative of -2*z**2 + 27 + z + 1/3*z**3. Give d(6).
13
Let x(r) = -r**2 + r + 4. Suppose a - 14 = -4*y - 6, -2*a = 8. Let d(u) = 0*u**2 + 7*u - 6 - y + u - u**2. Let h be d(6). Give x(h).
-2
Let t(k) = k + 8. Let v(y) = -y + 39. Let p(b) = -5*t(b) + v(b). Let o(l) = -18*l - 2. Let j(x) = 3*o(x) - 10*p(x). Determine j(-3).
-14
Let y(k) = -11*k - 27. Let x(t) = -18*t - 57. Let r(q) = -3*x(q) + 5*y(q). What is r(37)?
-1
Suppose -n + 14 - 41 = 0. Let x = n - -28. Suppose s + x = 0, -3*a - 3*s + 1 = a. Let y(o) = -11*o**2 - 1. Determine y(a).
-12
Let g(u) = u**3 + 33*u**2 - 70*u + 2. Suppose 18*y - 22*y = 7*f + 253, f - 2*y + 31 = 0. What is g(f)?
2
Let i be ((-6)/(-4))/(2/4). Let y(v) = -2*v**2 + v - 1. Let n(a) = -a**3 - 22*a**2 + 16*a - 17. Let f(g) = -n(g) + 11*y(g). Give f(i).
18
Let q be (-2)/(4/110) + -2. Let u(w) = 2*w**3 + 2*w**2 - 4*w + 4. Let x be u(3). Let k = q + x. Let n(f) = -f**2 + 7*f - 4. What is n(k)?
-4
Let k(i) = -5*i**3 - 83*i**2 + 6*i - 2. Let m(x) = 9*x**3 + 155*x**2 - 11*x + 5. Let s(o) = 11*k(o) + 6*m(o). Calculate s(17).
8
Let p(w) = -w**3 - 40*w**2 + 76*w - 345. Let b be p(-42). Let n(u) = u**2 + 11*u + 13. Give n(b).
-5
Let f(d) = d**2 - 6*d - 7. Let w be f(7). Let k(c) be the first derivative of -1/2*c**2 + 18 + 3*c. Determine k(w).
3
Let u = -707 + 710. Let o(v) = v + v**2 - v + 2*v - 2 - 1 - u*v. Suppose 6*l - 15 = l. Calculate o(l).
3
Let t(y) be the second derivative of -y**4/12 + 25*y**3/6 - 21*y**2 + 169*y + 1. What is t(23)?
4
Let f(g) = 3*g**2 - 13*g + 12. Let n(s) = -2*s**2 + 7*s - 6. Suppose 3*a - 10 = -c, -5*c + 4*a - 1 = 44. Let w(q) = c*n(q) - 3*f(q). Give w(-5).
-1
Let v(l) = -5*l + 7. Let r be v(-4). Let x be 40/22 - (r/33 + -1). Let m(i) = -4*i + 5*i + 8*i**x + 7*i - 4 + i**3. What is m(-7)?
-11
Let r be (-3 - -2) + 3 + -2. Let v(c) be the first derivative of -c**2 + 6*c + 49. What is v(r)?
6
Let t(o) = 3*o**2 - 7*o - 60. Let b(i) = -i**2 + 17. Let k(y) = -4*b(y) - t(y). Suppose -6 = -2*v - 5*p, 33 = -v + 5*p + 6. Determine k(v).
-8
Suppose 5*g - g + 20 = 0. Let k(o) = -1075*o + 4. Let u(c) = 307*c - 1. Let p(j) = 2*k(j) + 7*u(j). What is p(g)?
6
Let h(j) = 3*j - 3. Let m(w) = 13*w - 11. Let n(f) = -9*h(f) + 2*m(f). Let r = -10870 + 10874. Calculate n(r).
1
Suppose 23*s + 10 = 21*s. Let t be (10/(-4))/(s/10). Let o(i) = -i**3 + i**2 - 1. Let c(w) = -w**3 - 3*w**2 - 2*w + 2. Let h(k) = c(k) - 2*o(k). Calculate h(t).
-6
Let d(c) = 2*c**3 - 6*c**2 - 6*c + 22. Let z = 37594 - 37592. Determine d(z).
2
Let r(i) = -i**3 + 31*i**2 + 2*i - 71. Let o(a) = 232*a + 1655. Let v be o(-7). Determine r(v).
-9
Let i(s) = s**2 - s + 3. Let c be 36/8 - 15/(-10). Suppose -5*n = 2*o - 32, 3*o - 3 = -n - 7. Suppose -6 = -c*x + n*x. Determine i(x).
15
Let l(q) = q + 1. Let h(t) be the first derivative of t**3/3 + t**2/2 - 3*t + 4. Let m(j) = -h(j) - 5*l(j). Suppose -181*x = 903 + 183. What is m(x)?
-2
Let q(j) = 1495 - 5989 + 1498 + 1493 - 2*j + 1496. Let d(n) = -n**3 - 2*n**2 + n - 2. Let b be d(-3). Suppose -3*l - 17 = b. Calculate q(l).
7
Let i(f) = 59*f - 215. Let l(a) = 11*a - 43. Let v(q) = -2*i(q) + 11*l(q). What is v(21)?
20
Let a(v) = -8 + 1 - 2*v**2 + 3*v**2 + 10*v. Let k = -197618 + 197609. What is a(k)?
-16
Suppose -s = 4*s - 4*s. Let c(o) = -7*o + 9. Let u be c(s). Let q(d) = d**3 - 10*d**2 + 8*d + 2. What is q(u)?
-7
Let c(y) = y - 9. Let d(j) = -122*j - 2432. Let a be d(-20). Calculate c(a).
-1
Let t(b) = b**2 - 6*b + 2. Let p = 61 + 110. Let o = p - 165. Determine t(o).
2
Let l(u) = u**3 + 63*u**2 + 62*u + 1. Let x be l(-62). Let b(r) = -32*r**2 + 6*r - 5. Calculate b(x).
-31
Let m(h) = -h**3 + 2*h**2 + 1. Let p be m(3). Let u(j) be the second derivative of j**4/12 + 5*j**3/3 - 424*j - 2. Calculate u(p).
-16
Let d(x) = -3*x**3 - x**2 - 2*x + 1. Let q(u) = 14*u**3 + 5*u**2 + 15*u - 2. Let v(i) = -5*d(i) - q(i). What is v(-3)?
-15
Let q(t) = t - 214. Let y(r) = -21*r + 4256. Let g(w) = -119*q(w) - 6*y(w). Give g(8).
-14
Let a(h) = 2*h + 10 + h - 4 - 4*h. Let x be a(6). Let p(n) be the second derivative of n**4/12 - n**3/6 + 17*n**2/2 - n + 2. What is p(x)?
17
Let f(y) be the third derivative of y**5/10 + y**4/8 - 7*y**3/6 + 1916*y**2. Give f(2).
23
Suppose -5*t = 3*z + 59, 81*z - 46 = 85*z + 2*t. Let d(l) = -l**3 - 11*l**2 - 22*l - 7. What is d(z)?
-23
Let o(f) = -4*f**3 - f**2 + f. Let g(w) = 28*w**3 + 3*w**2 - 3*w - 1. Let n(l) = g(l) + 3*o(l). Determine n(1).
15
Let v(b) = 6*b**2 - 5 - b**3 + 0*b**2 - 10*b + b + 3*b**2. Suppose 2*i - 9280*w = -9277*w - 2, -2 = -4*i + 5*w. Give v(i).
-13
Let p(h) be the second derivative of -h**4/12 - 11*h**3/6 - 15*h**2/2 - 25*h + 9. What is p(-6)?
15
Let f(c) = -c**2 + 14*c - 34. Let k be f(17). Let l be ((-6)/10)/((-17)/k). Let m(t) = t**2 + 2*t - 1. Give m(l).
2
Let u = -5 + 10. Let n(j) = -j**3 - 44*j**2 - 42*j + 45. Let p be n(-43). Let s(d) = 5*d**p - 4407 - 7*d + 4409 - d**2 - d**3 + 14*d. What is s(u)?
12
Let i(o) = -o + 2. Let y be (-10)/((-30)/72 + 2/3). Let n be 71/(-2) + (-4)/(-8). Let a = y - n. Give i(a).
7
Suppose -20*a = -59 - 51 + 30. Let z(c) = 4*c**2 + 1 - 2*c**3 - c + 4 + c**3. Give z(a).
1
Let b(k) = -8*k**2 + 4*k - 10. Let y(g) = 4*g + 0 - 4 - 7*g**2 - 7 + 2. Let a(l) = 6*b(l) - 7*y(l). Suppose 122*z = 150 + 94. Determine a(z).
-1
Let o(n) be the third derivative of -1/15*n**5 + 1/12*n**4 - 1/120*n**6 + 0*n - 9*n**2 + 1/2*n**3 + 0. Suppose 4*l - 4 = 4, 0 = -5*p + 4*l - 28. What is o(p)?
-5
Suppose -165*j + 104*j + 848 = 151*j. Let f(n) = -5 - 7*n - 2*n + 2*n**2 - n**2 + 3*n. Calculate f(j).
-13
Suppose -39*z = 72 - 696. Suppose 0 = 3*b - s + z, -3*s + 6 = -5*b - 18. Let f(q) = 2*q**2 + 11*q - 1. Calculate f(b).
5
Let d be (1 - -1) + (-2 - 0). Let c(t) = 1 - 157*t + 99*t + 112*t - 53*t. Give c(d).
1
Let m(f) = -8*f + 24. Suppose -2*t - 2 = -5*l - 31, 0 = -4*t - 4*l - 12. Calculate m(t).
8
Let b(g) = 3*g**3 + 4*g**2 - g - 2. Let t be ((-396)/(-330))/((-51)/15 + 3). Determine b(t).
-44
Let w = 40 - 23. Suppose -1 = -s + w. Let r be (1*6/s)/((-1)/(-18)). Let t(v) = -v + 13. Determine t(r).
7
Suppose -3*a + 6*a + 48 = 0. Let m = -10 - a. Let d(g) = -8*g - 4. Let n(r) = 3*r + 1. Let i(c) = -4*d(c) - 11*n(c). What is i(m)?
-1
Let p(h) = -12*h + 1. Let m(a) = -a**2 - 7*a - 6. Let x be m(-7). Let b = 19 + x. Suppose -3*s - 8 = 2*d + 2, 0 = d - 3*s - b. What is p(d)?
-11
Let x(p) = -35 - 2*p - 1 + 3 + 12*p. What is x(4)?
7
Let f be 6/(-33)*-12 + 4/(-22). Suppose 202 = -f*u + 218. Let l(j) = u*j**2 + 10 - j**3 - j**2 + 25*j - 48*j + 22*j. What is l(7)?
3
Let w(u) = -u**3 - 8*u**2 - 8*u + 13. Let n be 130/(-15) + (-130)/(-195). Give w(n).
77
Let s(j) = 164*j**2 - 17 - 94*j**2 - 3*j - 67*j**2. Determine s(-3).
19
Let d = -5014 - -5020. Let h(j) = j. Let n(o) = 2*o. Let k(z) = -13*h(z) + 6*n(z). Determine k(d).
-6
Let x(v) = -19*v - 5 + 8*v + 12*v. Let p be x(-1). Let z(n) = -n**2 - 5*n + 8. What is z(p)?
2
Let t(g) be the first derivative of 87*g**2/2 - 4*g - 3808. Calculate t(1).
83
Let u(q) = -q**2 - 18*q + 184. Let s(f) = -681*f + 5423. Let t be s(8). What is u(t)?
9
Let l be 3/1 - (-7)/(15/(29 - 14)). Let s(j) = 2*j**2 - 17*j - 33. Calculate s(l).
-3
Let p(v) = v**2 - 39*v + 382. Let d be p(21). Let r(n) be the third derivative of -1/4*n**d + 0 - 1/3*n**3 - 2*n**2 + 0*n. Give r(-4).
22
Let v(k) = -90 + 26*k - 85 - k**2 + 56. What is v(6)?
1
Let x(z) = -28*z**3 + 2*z**2 + 130*z**3 